{"id":608,"date":"2022-06-10T19:22:20","date_gmt":"2022-06-10T19:22:20","guid":{"rendered":"https:\/\/demo.themedraft.net\/wp\/doctio\/?page_id=608"},"modified":"2026-01-22T17:32:53","modified_gmt":"2026-01-22T16:32:53","slug":"about-us","status":"publish","type":"page","link":"https:\/\/www.spineon.sk\/index.php\/about-us\/","title":{"rendered":"O n\u00e1s"},"content":{"rendered":"\t\t<div data-elementor-type=\"wp-page\" data-elementor-id=\"608\" class=\"elementor elementor-608\">\n\t\t\t\t\t\t<section class=\"elementor-section elementor-top-section elementor-element elementor-element-9c7e3d1 elementor-section-stretched elementor-section-boxed elementor-section-height-default elementor-section-height-default\" data-id=\"9c7e3d1\" data-element_type=\"section\" data-settings=\"{&quot;stretch_section&quot;:&quot;section-stretched&quot;}\">\n\t\t\t\t\t\t<div class=\"elementor-container elementor-column-gap-default\">\n\t\t\t\t\t<div class=\"elementor-column elementor-col-33 elementor-top-column elementor-element elementor-element-5e9f351\" data-id=\"5e9f351\" data-element_type=\"column\">\n\t\t\t<div class=\"elementor-widget-wrap elementor-element-populated\">\n\t\t\t\t\t\t<div class=\"elementor-element elementor-element-2acc865 elementor-widget elementor-widget-themedraft_two_iwcb\" data-id=\"2acc865\" data-element_type=\"widget\" data-widget_type=\"themedraft_two_iwcb.default\">\n\t\t\t\t<div class=\"elementor-widget-container\">\n\t\t\t\t\t\n        <div class=\"td-tiwcb-wrapper td-two-image-with-circle-btn\">\n\n            <div class=\"td-two-image-wrapper\">\n\t            \n                <img decoding=\"async\" class=\"td-image-one\" src=\"https:\/\/www.spineon.sk\/wp-content\/uploads\/2026\/01\/baaaalm.png\" alt=\"\" title=\"baaaalm\">\n                <img decoding=\"async\" class=\"td-image-two\" src=\"\" alt=\"\" title=\"O n\u00e1s\">\n            <\/div>\n        <\/div>\n\n\t\t\t\t\t\t<\/div>\n\t\t\t\t<\/div>\n\t\t\t\t\t<\/div>\n\t\t<\/div>\n\t\t\t\t<div class=\"elementor-column elementor-col-66 elementor-top-column elementor-element elementor-element-bc22fb5\" data-id=\"bc22fb5\" data-element_type=\"column\">\n\t\t\t<div class=\"elementor-widget-wrap elementor-element-populated\">\n\t\t\t\t\t\t<div class=\"elementor-element elementor-element-432c956 elementor-widget elementor-widget-themedraft_section_title\" data-id=\"432c956\" data-element_type=\"widget\" data-widget_type=\"themedraft_section_title.default\">\n\t\t\t\t<div class=\"elementor-widget-container\">\n\t\t\t\t\t\n\t\t<div class=\"td-section-title-wrapper\">\n            <div class=\"td-section-title-content td-secondary-font\">\n                                    <div class=\"td-section-title-bg-text\">\n                        SpineOn                    <\/div>\n                \n                \n                                    <div class=\"td-section-title\">\n                        <h2>Kto sme a \u010do rob\u00edme?<\/h2>                    <\/div>\n                                        <div class=\"title-bottom-line\" style=\"background-image: url(https:\/\/www.spineon.sk\/wp-content\/uploads\/2026\/01\/ggrrrr.png)\"><\/div>\n                                                <\/div>\n\t\t<\/div>\n\t\t\t\t\t\t<\/div>\n\t\t\t\t<\/div>\n\t\t\t\t<div class=\"elementor-element elementor-element-b026766 elementor-widget elementor-widget-themedraft_text\" data-id=\"b026766\" data-element_type=\"widget\" data-widget_type=\"themedraft_text.default\">\n\t\t\t\t<div class=\"elementor-widget-container\">\n\t\t\t\t\t\n\t\t<div class=\"td-text-wrapper\">\n\t\t\t<p align=\"LEFT\"><span style=\"font-size: large;\">Trval\u00e9 odstr\u00e1nenia va\u0161ich \u0165a\u017ekost\u00ed bez nutnosti oper\u00e1cie a zbyto\u010dn\u00fdch liekov.\u00a0<\/span><span style=\"font-size: large;\">Pomocou \u0161peci\u00e1lne navrhnut\u00fdch pr\u00edstrojov, na\u0161ich fyzioterapeutov dok\u00e1\u017eeme cielene odstr\u00e1ni\u0165 bolesti a\u00a0udr\u017ea\u0165 zdravie va\u0161ej chrbtice. Izolovan\u00edm tr\u00e9ningom hlboko ulo\u017een\u00fdch driekov\u00fdch a\u00a0kr\u010dn\u00fdch svalov.<\/span><\/p>\n            \t\t<\/div>\n\n\t\t\t\t\t\t<\/div>\n\t\t\t\t<\/div>\n\t\t\t\t<div class=\"elementor-element elementor-element-944c767 elementor-widget elementor-widget-themedraft_button_widget\" data-id=\"944c767\" data-element_type=\"widget\" data-widget_type=\"themedraft_button_widget.default\">\n\t\t\t\t<div class=\"elementor-widget-container\">\n\t\t\t\t\t\n\t\t<div class=\"themedraft-button-wrapper td-button-el-widget\">\n\t\t\t<a href=\"https:\/\/demo.themedraft.net\/wp\/doctio\/about-us\/\" class=\"themedraft-button td-button themedraft-button-one\" >KONTAKT                <i class=\"fas fa-plus\"><\/i>\n            <\/a>\n\n\t\t\t\t\t<\/div>\n\t\t\t\t\t\t<\/div>\n\t\t\t\t<\/div>\n\t\t\t\t\t<\/div>\n\t\t<\/div>\n\t\t\t\t\t<\/div>\n\t\t<\/section>\n\t\t\t\t<\/div>\n\t\t","protected":false},"excerpt":{"rendered":"<p>SpineOn Kto sme a \u010do rob\u00edme? Trval\u00e9 odstr\u00e1nenia va\u0161ich \u0165a\u017ekost\u00ed bez nutnosti oper\u00e1cie a zbyto\u010dn\u00fdch liekov.\u00a0Pomocou \u0161peci\u00e1lne navrhnut\u00fdch pr\u00edstrojov, na\u0161ich fyzioterapeutov dok\u00e1\u017eeme cielene odstr\u00e1ni\u0165 bolesti a\u00a0udr\u017ea\u0165 zdravie va\u0161ej chrbtice. Izolovan\u00edm tr\u00e9ningom hlboko ulo\u017een\u00fdch driekov\u00fdch a\u00a0kr\u010dn\u00fdch svalov. KONTAKT<\/p>\n","protected":false},"author":1,"featured_media":0,"parent":0,"menu_order":0,"comment_status":"closed","ping_status":"closed","template":"","meta":{"footnotes":""},"class_list":["post-608","page","type-page","status-publish","hentry"],"_links":{"self":[{"href":"https:\/\/www.spineon.sk\/index.php\/wp-json\/wp\/v2\/pages\/608","targetHints":{"allow":["GET"]}}],"collection":[{"href":"https:\/\/www.spineon.sk\/index.php\/wp-json\/wp\/v2\/pages"}],"about":[{"href":"https:\/\/www.spineon.sk\/index.php\/wp-json\/wp\/v2\/types\/page"}],"author":[{"embeddable":true,"href":"https:\/\/www.spineon.sk\/index.php\/wp-json\/wp\/v2\/users\/1"}],"replies":[{"embeddable":true,"href":"https:\/\/www.spineon.sk\/index.php\/wp-json\/wp\/v2\/comments?post=608"}],"version-history":[{"count":8,"href":"https:\/\/www.spineon.sk\/index.php\/wp-json\/wp\/v2\/pages\/608\/revisions"}],"predecessor-version":[{"id":1352,"href":"https:\/\/www.spineon.sk\/index.php\/wp-json\/wp\/v2\/pages\/608\/revisions\/1352"}],"wp:attachment":[{"href":"https:\/\/www.spineon.sk\/index.php\/wp-json\/wp\/v2\/media?parent=608"}],"curies":[{"name":"wp","href":"https:\/\/api.w.org\/{rel}","templated":true}]}}